4627 and 224?
7
Calculate the greatest common divisor of 3964 and 1072262.
1982
What is the highest common divisor of 2306 and 6?
2
Calculate the greatest common divisor of 13244 and 84.
28
Calculate the greatest common factor of 1768644 and 73.
73
What is the highest common divisor of 117 and 2182032?
9
Calculate the greatest common factor of 69 and 176571.
69
Calculate the highest common divisor of 10244 and 8471.
197
What is the greatest common divisor of 52 and 446537?
13
What is the greatest common factor of 6 and 63762?
6
What is the greatest common divisor of 69184 and 9660?
92
Calculate the highest common divisor of 10788 and 1392.
348
Calculate the greatest common factor of 793433 and 2335.
467
Calculate the highest common divisor of 29 and 3333.
1
Calculate the greatest common factor of 318 and 47541.
159
Calculate the highest common divisor of 46179 and 189.
63
Calculate the highest common factor of 1308852 and 216.
108
Calculate the highest common factor of 1702 and 736.
46
What is the greatest common divisor of 1806 and 360906?
42
What is the highest common divisor of 33725 and 209?
19
Calculate the greatest common divisor of 180 and 180.
180
Calculate the highest common divisor of 9 and 3601710.
9
Calculate the highest common divisor of 24475 and 658867.
979
What is the highest common divisor of 6860 and 140?
140
Calculate the greatest common factor of 2830 and 4367822.
566
Calculate the highest common divisor of 22188 and 96.
12
What is the greatest common divisor of 163 and 917527?
163
What is the highest common factor of 352 and 27720?
88
Calculate the greatest common divisor of 53475 and 2511.
93
Calculate the greatest common divisor of 15512 and 3057803.
1939
What is the highest common divisor of 18 and 20886?
6
Calculate the highest common divisor of 124157 and 55.
11
Calculate the greatest common factor of 4750 and 1634.
38
What is the greatest common divisor of 1400 and 13200?
200
What is the greatest common factor of 252 and 419328?
252
Calculate the highest common factor of 194 and 769598.
194
What is the greatest common factor of 320 and 25568?
32
What is the greatest common divisor of 8399 and 23381?
227
What is the greatest common factor of 438 and 466251?
219
Calculate the greatest common divisor of 799084 and 968.
484
Calculate the greatest common divisor of 225 and 640.
5
Calculate the greatest common factor of 80 and 5872.
16
Calculate the highest common factor of 251490 and 480.
30
What is the greatest common factor of 99 and 193875?
33
Calculate the greatest common factor of 11649 and 1804.
11
Calculate the greatest common factor of 1737 and 18.
9
Calculate the highest common divisor of 2 and 221883.
1
Calculate the greatest common divisor of 20442 and 1.
1
Calculate the highest common divisor of 2145 and 924.
33
Calculate the highest common factor of 544 and 608.
32
Calculate the greatest common divisor of 4 and 1053874.
2
Calculate the highest common divisor of 11700 and 960.
60
Calculate the greatest common divisor of 55 and 57145.
55
Calculate the greatest common divisor of 7533 and 526824.
243
Calculate the highest common factor of 317 and 143284.
317
What is the highest common factor of 2037 and 12892173?
2037
Calculate the greatest common factor of 56170 and 1230.
410
What is the highest common factor of 225 and 20745?
45
Calculate the highest common divisor of 19 and 3800171.
19
Calculate the greatest common divisor of 118330 and 10.
10
Calculate the highest common factor of 4247 and 12604.
137
What is the greatest common divisor of 184 and 103868?
92
Calculate the greatest common divisor of 260 and 160355.
65
Calculate the highest common factor of 130 and 1976.
26
What is the greatest common factor of 13 and 563342?
13
Calculate the greatest common factor of 1205 and 960.
5
Calculate the highest common divisor of 40622 and 532.
38
Calculate the highest common factor of 18722 and 286.
22
What is the highest common divisor of 19430 and 268?
134
Calculate the highest common factor of 3934206 and 762.
762
Calculate the greatest common divisor of 17097 and 3.
3
Calculate the highest common factor of 104624 and 16.
16
Calculate the greatest common factor of 5805042 and 6.
6
Calculate the greatest common divisor of 431025 and 600.
75
What is the greatest common factor of 6070 and 1370?
10
What is the greatest common divisor of 264 and 1766358?
66
What is the highest common divisor of 31475 and 175?
25
What is the highest common factor of 85 and 777835?
85
Calculate the greatest common factor of 6612 and 1740.
348
Calculate the highest common factor of 3335 and 2291.
29
Calculate the highest common divisor of 5 and 148810.
5
Calculate the greatest common divisor of 23805 and 435.
15
Calculate the greatest common divisor of 100420 and 60.
20
What is the highest common divisor of 4439 and 1351?
193
What is the greatest common divisor of 11752 and 89948?
452
Calculate the greatest common factor of 105768 and 23400.
936
Calculate the highest common divisor of 3595 and 2910512.
719
Calculate the highest common divisor of 308 and 67375.
77
What is the highest common divisor of 335646 and 493?
29
What is the highest common factor of 10 and 412360?
10
Calculate the greatest common divisor of 9 and 66636.
9
Calculate the highest common divisor of 885 and 362496.
177
What is the highest common divisor of 10045 and 833?
49
Calculate the greatest common divisor of 24352 and 466493.
761
Calculate the highest common divisor of 1123 and 1831613.
1123
What is the highest common factor of 241318 and 28?
14
Calculate the highest common divisor of 589248 and 96.
96
Calculate the highest common factor of 6650 and 550.
50
What is the highest common factor of 1608089 and 7?
7
What is the greatest common divisor of 59670 and 45?
45
Calculate the greatest common divisor of 17325 and 57225.
525
Calculate the greatest common factor of 60 and 531870.
30
Calculate the greatest common factor of 153879 and 132.
33
What is the highest common divisor of 39 and 3018782?
13
What is the highest common factor of 3184 and 392?
8
What is the highest common factor of 17261 and 6068?
41
What is the greatest common factor of 1309 and 289?
17
Calculate the highest common divisor of 68 and 405433.
17
What is the highest common factor of 1328556 and 1254?
114
What is the highest common factor of 495 and 74943?
99
What is the greatest common factor of 59 and 5428?
59
What is the highest common divisor of 703 and 91501?
37
Calculate the greatest common divisor of 25824 and 1020.
12
What is the greatest common factor of 1457080 and 998?
998
What is the greatest common factor of 8060 and 7400?
20
Calculate the highest common divisor of 4906 and 14168.
22
What is the greatest common factor of 469 and 728?
7
What is the highest common factor of 125 and 3435525?
25
What is the highest common factor of 1184148 and 42?
42
Calculate the greatest common factor of 189 and 9085167.
63
What is the highest common divisor of 5984 and 4760?
136
What is the highest common factor of 93 and 6189739?
31
Calculate the highest common divisor of 307914 and 190.
38
Calculate the highest common divisor of 3277 and 181930.
113
What is the greatest common factor of 46288 and 56?
8
What is the greatest common factor of 36 and 454704?
12
Calculate the greatest common factor of 260 and 3055.
65
Calculate the greatest common factor of 42224 and 1044.
116
Calculate the highest common factor of 7840 and 56140.
140
What is the greatest common factor of 30 and 2663640?
30
What is the highest common divisor of 34 and 158?
2
What is the highest common factor of 17003 and 56?
7
What is the greatest common factor of 9 and 309402?
9
Calculate the greatest common factor of 58279 and 104.
13
What is the greatest common factor of 355 and 450?
5
What is the highest common factor of 5334 and 2310?
42
What is the greatest common factor of 144 and 261264?
48
What is the greatest common divisor of 1312 and 4469?
41
What is the highest common divisor of 831467 and 364?
91
Calculate the highest common divisor of 35 and 29735545.
35
What is the greatest common factor of 796 and 160?
4
What is the greatest common factor of 40704 and 18?
6
What is the greatest common divisor of 155830 and 140?
10
Calc